me number?
False
Let q be (-12)/6*70/(-20). Let y(z) be the third derivative of z**6/120 - z**5/15 - 7*z**4/24 + 5*z**3/2 - z**2. Is y(q) composite?
False
Let s be 1 + 32 + 0/2. Is 4/(8/s)*536/12 a prime number?
False
Let h(z) = z**2 - 7*z + 51. Let s be h(-25). Is s + -8 + -4 + 0 prime?
True
Let m(n) = n**2 - 23*n - 1. Let a be m(23). Is 6/3 + (-655)/a + -2 composite?
True
Suppose 0 = 7*n - 14 + 42. Suppose -20 = -u + 24. Is 1/n + 8151/u a prime number?
False
Let w be 1/(10/(-12) - 2/(-4)). Is (-218655)/(-36) + w/4 composite?
False
Suppose 4*p + 8 = 3*g + 2*p, 4*g + p = -4. Suppose g = -0*z - z - 2*l + 155, 5*z = -4*l + 757. Is z a composite number?
False
Let s = 14132 - 387. Is s prime?
False
Let q(g) be the first derivative of -g**6/30 - g**5/20 + g**4/8 + g**3/6 + 2*g**2 + 8. Let n(v) be the second derivative of q(v). Is n(-6) composite?
False
Let n(f) = 2*f + 12. Let t be n(-6). Suppose -2*o + 3*l = -1477, 5*o + 2*l - 3721 = -t*l. Is o a prime number?
True
Let y(h) be the first derivative of h**4/2 - 2*h**3 - h**2 + 4*h + 1. Let w = 39 - 34. Is y(w) prime?
False
Let x = -4083 - -2665. Let u = -747 - x. Suppose u = 4*t - 333. Is t a composite number?
False
Let y(s) = 8*s + 69307. Is y(0) a composite number?
True
Suppose -13*x = 30 - 238. Let p = -591 - -994. Let f = x + p. Is f composite?
False
Is 1543 - (0 + -1 - 4 - -5) composite?
False
Let y(h) = -h**2 - 16*h - 1. Suppose 0*i - 14 = -g - 5*i, -3*i = -3*g - 30. Is y(g) a prime number?
True
Suppose -8*w = -2804 - 14420. Is w a composite number?
False
Let f(s) = -s**2 + 3*s + 6. Suppose 4*m + 4*w - 19 - 1 = 0, -5 = -m - 2*w. Let i be f(m). Is (-515)/(-2) - i/(-8) a composite number?
False
Suppose -2*t = -4*c + 52, -4*t + 36 = 2*c + 10. Let n = 66 + c. Is n prime?
True
Let y be -4*((-30)/8 + 3). Let l(r) = 186*r**2 + 7*r - 2. Is l(y) prime?
True
Suppose 1532969 = 33*k - 1951930. Is k a composite number?
True
Let m(d) = -d + 11. Let a be m(10). Let x(v) = 233*v**2 - v + 1. Let t(r) = -r**2 + r. Let y(b) = -t(b) + x(b). Is y(a) a composite number?
False
Let i(f) = -f**2 + 12*f + 7. Let r(t) = -3*t**2 + 36*t + 20. Let b(c) = 17*i(c) - 6*r(c). Let y be b(7). Let o = y + 127. Is o a composite number?
True
Let r = 4 - 29. Let k = -10 - r. Suppose 2*p = -2*f - 3*f + 289, -3*f = k. Is p prime?
True
Suppose -2*t = 3*l - 3817, 2*t + 3*l - 3812 = l. Is t a prime number?
True
Suppose -3*m - 4*i + 7609 = 0, 16*i - 10136 = -4*m + 13*i. Is m composite?
False
Let r(o) = 5*o + 9. Let k(c) = -c - 1. Let q(a) = 5*k(a) - r(a). Let f = -142 + 130. Is q(f) composite?
True
Suppose 3*i = z - 4*z + 193587, -2*i + z = -129064. Is i composite?
True
Suppose r - 38 = -4*a + 2, 0 = 5*a + 4*r - 61. Let l = a + -10. Let m = 25 - l. Is m a composite number?
True
Let c(s) = 59*s**2 + 2*s + 5. Suppose -4*d = -4*r, d + 0*d - 2*r = 4. Is c(d) composite?
False
Let h be (((-4)/2)/4)/((-15)/59580). Suppose s + h = 4*s. Is s prime?
False
Let s be 2*196899/48 - 2/16. Suppose 43*r = 47*r - s. Is r prime?
False
Let u = 56 - 46. Is (-2)/u - (-23982)/35 a composite number?
True
Suppose -5*k = -3*y - 52, -2*y + 5*k - 4 = 29. Is (1005/20)/(y/(-8) + -2) composite?
True
Suppose -3*g + 3 = 5*k, 0 = 4*g - 2*k - 6 + 2. Let x = -5 + g. Is (-2673)/x - (-36)/48 composite?
True
Suppose -2*p - p = 0, 0 = -2*d - p + 14. Let b = -7 + d. Suppose -o + 214 + 73 = b. Is o prime?
False
Suppose -5 = -s - 0*s. Suppose s*g - 924 = -4*z + 3*z, 3*z = 5*g + 2872. Is z a composite number?
True
Suppose 20*f - 474780 = 55080. Is f composite?
True
Let g(h) = h**2 - 5. Let f = -57 + 41. Is g(f) prime?
True
Let u = 1366 - 1155. Is u composite?
False
Suppose 3*q = -12, -42*p = -47*p - 4*q + 64119. Is p prime?
False
Suppose 0*c = -3*n + 2*c + 6696, -c - 11160 = -5*n. Suppose -163 = -d + n. Is d a prime number?
False
Let n = 25 - 13. Let i be 9/12 - (-75)/n. Let g(j) = -j**3 + 6*j**2 + 9*j + 5. Is g(i) composite?
False
Suppose -590 = 7*v - 2*v. Let u = v + 197. Is u composite?
False
Suppose -5*h = -279 + 1009. Let x = 535 + h. Is x composite?
False
Suppose -5*y = -8*y + 18. Suppose y*m - 16 - 2 = 0. Suppose -5*d + 2*u - 3*u = -300, 192 = m*d + 3*u. Is d prime?
True
Suppose 5 = -l - 3. Is 3/24*-2 - 9610/l a prime number?
True
Let l(g) = -g**2 - 16*g + 3. Let b be l(-16). Suppose 3 = -5*z + 13, -5*z + 196 = -b*r. Let n = -7 - r. Is n prime?
False
Let q(x) = -3*x**3 + 50*x**2 + 71*x + 43. Let z(o) = o**3 - 17*o**2 - 24*o - 14. Let s(j) = -3*q(j) - 8*z(j). Is s(16) prime?
False
Suppose -5*q = -8*q - 498. Suppose 157 = 2*b + 623. Let o = q - b. Is o composite?
False
Let j(d) = -3*d**2 - 19*d + 4. Let w be j(21). Let z = -1017 - w. Is z a prime number?
True
Suppose -i + 27 = 7. Let n be (0 - -6) + (-14)/2. Let q = n + i. Is q a prime number?
True
Is (-348)/609 - 2/(28/(-468742)) composite?
True
Let x(l) = -2523*l + 152. Is x(-3) prime?
False
Let c(h) = -6*h - 48. Let i be c(-9). Suppose 0 = i*k - k - 2285. Is k prime?
True
Suppose -3*g + 7578 + 5568 = 3*s, 3*g = -4*s + 13149. Is g a composite number?
True
Suppose 2*k = -8*k + 48530. Is k a composite number?
True
Let m(i) = 113 + 432 + 86 - 3*i. Is m(0) composite?
False
Let g = 3 - 2. Let b = g - -3. Suppose -946 = -4*a + 5*y, -b*y = -3*y - 2. Is a prime?
True
Let c(r) = r**3 + 16*r**2 - 27*r - 1. Let n be c(-18). Let f = -105 - n. Is f a composite number?
True
Let f = 11 - 9. Suppose 7*u - 3895 = f*u. Is u a prime number?
False
Suppose n - j - 1194 = 2488, -5*n = 3*j - 18402. Suppose -n = -9*c - 0*c. Is c a composite number?
False
Let u(c) be the third derivative of 19/6*c**3 + 0 + 2*c**2 + 5/8*c**4 + 0*c + 1/20*c**5. Is u(-9) prime?
True
Let k(h) = -19*h - 27. Let c(y) = y**2 + 9*y + 6. Let w be c(-4). Is k(w) a prime number?
True
Suppose -2*f = -0*f + 3*n - 12, 2*n = -4*f + 16. Suppose 0 = -f*p + 3214 - 373. Is p a prime number?
True
Suppose 6*u = u - 20. Let c(l) = 127*l**2 - 5*l + 1. Is c(u) prime?
True
Let q(c) = 3341*c - 111. Is q(14) prime?
True
Let r be 1 - ((-5)/(-10))/(1/4). Is (6/9)/((8/(-10812))/r) prime?
False
Let m = -5 + 12. Let u be 92 - m/(28/16). Suppose 57 = j + 5*r, 2*r - u = 3*j - 293. Is j a composite number?
False
Let l(g) = -21867*g - 715. Is l(-4) composite?
False
Let t = 418060 - 298221. Is t composite?
False
Let l(g) be the first derivative of 3*g**3 + 3*g**2 + 2*g - 73. Let d be 1 + (-2 - -5 - -1). Is l(d) prime?
True
Let i(o) = o**3 + 9*o**2 - 11*o + 19. Let v be i(-10). Suppose 28*a + 491 = v*a. Is a a composite number?
False
Suppose -386*f + 938035 = -351*f. Is f a composite number?
False
Suppose -2*h + 3*h + 3*c - 16632 = 0, 3*h = 3*c + 49860. Suppose b - 10*b + h = 0. Is b prime?
True
Suppose -3*w + 4*o + 7257 = 0, 2*w + 3*w + 2*o - 12095 = 0. Suppose -5*v - 3*i + w = 0, 5*i = -5*v + 1083 + 1332. Is v a composite number?
True
Let a(c) = -c + 1256. Suppose 0 = 3*t - 5*t. Let w be a(t). Suppose o - y - 250 = 0, -y + w = 3*o + 2*o. Is o composite?
False
Let t(u) = -5*u**3 - 2*u**2 - 8*u + 7. Let l be t(3). Let j be (323 - -2 - -2) + 1. Let s = l + j. Is s a composite number?
True
Suppose -2*h - o = -4*o - 15, 3*h = -2*o + 3. Suppose -4*j = 0, h*j - 1253 = -t - 120. Suppose 4*c - t = 503. Is c a composite number?
False
Suppose 3*o + 30 = 2*p, -5*p + 57 = -0*p - 3*o. Let m = 15 - p. Suppose -w = 2*w - m. Is w composite?
False
Let q(a) = -a**3 - a**2 - a + 10. Is q(-9) prime?
False
Let g(z) = z**2 - 8*z + 2. Let y(p) = p**2 + p. Let o(s) = g(s) + 3*y(s). Suppose -4*b + 26 = 6*n - 3*n, 4*n = 5*b - 17. Is o(b) composite?
True
Let v = 31 - 29. Suppose -v*w = -6, -156 - 323 = -4*a + 3*w. Is a composite?
True
Let g(n) = 37*n**2 - 4*n - 51. Is g(20) prime?
True
Let x be (3/(-2))/(3/(-12)). Suppose -o + x = o. Suppose -2*n + 15 = o*n. Is n a composite number?
False
Let v = 5275 + -3107. Suppose 12*n + v = 20*n. Is n a composite number?
False
Suppose 0 = -5*m + 5*v + 1240, -m = -3*m - 5*v + 517. Is m composite?
False
Let p(w) = -2*w**2 + w + 4. Suppose -4*j - 6 = -3*j. Let l be p(j). Let f = -43 - l. Is f a composite number?
False
Suppose -3*p - 9593 = -h, 0 = -p - 1 - 0. Let w = h - 6823. Is w prime?
True
Let c be (3 - 2 - -826) + 0. Let m be -4 + 1 - (-18)/(18/3). Suppose 3*q = -5*a + 4169, m*a - 4*q + c = a. Is a a composite number?
True
Let z(g) = 14 + 10 - 54*g - 12 + 17. Is z(-12) composite?
Fal